 41, 127
List the prime factors of (2225/(-100) + 9)/(2/(-336)).
2, 3, 7, 53
Let c(i) = -i**3 + 12*i**2 + 47*i - 81. List the prime factors of c(-15).
3, 41, 43
Let z = 192 - 201. Let y(m) = -112*m - 179. List the prime factors of y(z).
829
Let y(l) = l - 5. Let n be y(10). Let o = 94 - 97. List the prime factors of (o - (4 - 16)) + n.
2, 7
Suppose -4*o = -k + 587, -25 = -2*k + 7*k. List the prime factors of 2/2*(11 - 3 - o).
2, 3, 13
Let z(k) be the first derivative of 20*k**3/3 + 4*k**2 + 5*k - 9. Let o be z(-3). Let u = 265 - o. What are the prime factors of u?
2, 13
Let h = -3119 + 3563. What are the prime factors of h?
2, 3, 37
Let b be (-120566)/10 - (-177)/295. List the prime factors of (9/6)/((-12)/b).
11, 137
What are the prime factors of 15696 - (-7)/((-42)/(-54))?
3, 5, 349
Let q(i) = i**3 - 4*i**2 + i - 4. Let y be q(-6). Let o = y - -876. List the prime factors of o.
2, 11, 23
Suppose 0 = -2*d - 5*h + 5, 2*d - 3*d - 3 = -3*h. Suppose 4*o + 105 + 547 = d. Let u = o + 270. What are the prime factors of u?
107
Let l(n) = 2*n**2 - 2*n - 10. Let o = 191 - 183. What are the prime factors of l(o)?
2, 3, 17
Let h(u) = 815*u + 1031. What are the prime factors of h(3)?
2, 11, 79
Suppose 3*w + b = -8, -3*w + 0*w - 2*b = 13. List the prime factors of (-65)/260 + (w - 489/(-4)).
11
Let w(y) = y**3 - 8*y**2 + 13*y + 6. Let n be w(3). Suppose n = 6*s - 1841 - 1663. List the prime factors of s.
2, 73
Let w(n) = n**3 - 16*n**2 - 38*n + 24. Let i be w(18). Let j(l) = l**3 + 13*l**2 - 25*l + 3. List the prime factors of j(i).
3, 149
Suppose t = -3*t + 16. Let u(p) = -p**3 - 11*p**2 + 21*p + 22. Let b be u(-14). Suppose -4*v = -t*k + k - 612, k = -2*v + b. List the prime factors of v.
2, 3, 13
Suppose -2*x + 17813 = d - 7*x, -3*x + 35639 = 2*d. What are the prime factors of d?
2, 59, 151
Let v(d) = 13*d + 54. Let j be 6/(3/(-18)*26 - -5). List the prime factors of v(j).
3, 19
Let q(j) be the second derivative of -19*j**3/6 + 235*j**2/2 - 167*j. What are the prime factors of q(-12)?
463
Suppose -5*n + 8 + 717 = 0. Let b be 20/(-2) + 8 + (-72 - -3). Let v = b + n. What are the prime factors of v?
2, 37
Suppose -2*i + 4*b + 17733 = 3561, -4*i - b = -28281. What are the prime factors of i?
2, 13, 17
Let y(p) = -149*p + 2. Let c be y(2). Let t be (4 - (-163 - -11))*(-1)/1. Let r = t - c. What are the prime factors of r?
2, 5, 7
Let i(v) = v**2 - 2*v + 2. Let d be i(2). Let h = -1 + 1. Suppose -729 = -5*w - p + 5*p, -d*w + p + 294 = h. What are the prime factors of w?
149
Let m = -199270 + 295530. What are the prime factors of m?
2, 5, 4813
List the prime factors of (-10815)/(-1) - 13/299*0.
3, 5, 7, 103
Suppose 3*a = 12 + 6. Suppose a*p - 704 - 1108 = 0. List the prime factors of p.
2, 151
Let l be 2/9 - 87165/405. Let n = 632 + l. What are the prime factors of n?
3, 139
Let b = -157 - -159. Let q(u) = 19*u**3 + u**2 - 2*u + 2. List the prime factors of q(b).
2, 7, 11
Let r = -7035 + 51450. What are the prime factors of r?
3, 5, 7, 47
Suppose -35*q + 110499 = -578651. List the prime factors of q.
2, 5, 11, 179
Suppose p + 0*p = -245. Let h(d) = -13*d**2 - 56*d - 279. Let l be h(-6). Let v = p - l. What are the prime factors of v?
2, 83
Suppose -8*s + 14*s = 48. List the prime factors of ((-2)/4)/(s/(-944)) - 2.
3, 19
Let z(b) = 8 + 12 - 23 - 4*b + 13. Let y be z(4). List the prime factors of 332/y*(-27)/18.
83
Let b = 51 - 17. Suppose -b*o = -30*o - 2540. List the prime factors of o.
5, 127
Let l(m) be the third derivative of 4*m**4/3 - 11*m**3/6 + 26*m**2. Let z be l(2). Suppose -5*v + z = -17. What are the prime factors of v?
2, 7
List the prime factors of -3 + 41096 - (16 - 33/3).
2, 3, 107
Suppose 715 = g + 718. Let y(i) = -26*i**3 - 38*i**2 + 4. List the prime factors of y(g).
2, 7, 13
Let j = 2341 - 1661. Suppose -j = -d - 3*d. Suppose -d = -u - 4*u. List the prime factors of u.
2, 17
Let a(j) = -j**2 + 2*j + 8. Let m be a(4). Suppose m = 28*h - 25*h - 2*q - 1822, -h = 5*q - 613. List the prime factors of h.
2, 19
Let t be ((-1)/(-3))/(-5*(-6)/(-168570)). Let j = -800 - t. List the prime factors of j.
29, 37
Let g be (-800)/48*(-6)/4. What are the prime factors of ((-40516)/(-70))/(10/g)?
1447
Let k(i) = -4*i**2 - 327*i - 383. List the prime factors of k(-74).
3, 7, 13
Let k(w) = 6*w**2 + 17*w - 18. Let b be k(-12). Suppose -14*y + 8*y = -b. What are the prime factors of y?
107
Suppose -26*g + 19*g + 45157 = 0. Suppose g = 8*k + 835. What are the prime factors of k?
2, 3, 13
Let o = -26 - -66. Suppose 51 = 7*s - o. Let u(k) = -k**2 + 18*k + 2. What are the prime factors of u(s)?
67
Suppose 4*u - 33004 = -4*i, 3*u = 2*i - 9947 - 6525. What are the prime factors of i?
5, 17, 97
Let m(c) = 10*c**2 - 2*c + 1. Let n be m(-3). Let z = n - -103. List the prime factors of z.
2, 5
Let k(f) = 652*f + 4228. List the prime factors of k(38).
2, 3, 2417
Let b = 144 + -133. Suppose -6434 + 1759 = -b*u. What are the prime factors of u?
5, 17
Let c(f) = f**2 + 3*f - 18. Let t be c(9). Let m(p) = p**3 + 3*p**2 - p. Let k be m(-3). Suppose 0*w - k*w + t = 0. What are the prime factors of w?
2, 3, 5
Suppose -16514 = 6*r - 52634. Suppose 4*p + p = r. List the prime factors of p.
2, 7, 43
Let i be (40/50)/(6/1395). Let d = i + -150. What are the prime factors of d?
2, 3
Suppose 13*j = 3*t + 16*j, -2*j + 12 = -4*t. List the prime factors of (-110)/((-5)/((-65)/t)).
5, 11, 13
Let i(w) = -64*w + 4*w**2 - 61*w + 19 + 126*w. List the prime factors of i(6).
13
Suppose -f - 33472 = -5*y, y - 4*f - 5077 - 1625 = 0. List the prime factors of y.
2, 3347
Let a(p) = p**3 + 61*p**2 - 876*p + 214. List the prime factors of a(-64).
2, 5, 53, 83
Suppose 2*j - 2030 - 159010 = -4*r, -5*j = 2*r - 402576. List the prime factors of j.
2, 3, 7, 71
Suppose -10*t = 18*t + 8316. Let a = -172 - t. List the prime factors of a.
5
What are the prime factors of (28/1 - 25)*19892/4?
3, 4973
Let u(h) = -389*h - 826. List the prime factors of u(-20).
2, 3, 19, 61
Let o(x) = -1636*x + 499. What are the prime factors of o(-2)?
3, 419
Let n be 4*4/(-12)*21. Let i = n + 28. Suppose i = -4*f + 157 - 9. What are the prime factors of f?
37
Let y = 28 + -25. Let s(l) be the second derivative of 8*l**3 + 21*l**2/2 + 50*l - 2. What are the prime factors of s(y)?
3, 5, 11
What are the prime factors of 8/(-4) + -2 + 74250/5?
2, 13, 571
Let v be -1*(-3 + 4)/(1/(-5)). Suppose -4*p + p = -3*c + 1332, -v*c = -4*p - 2221. What are the prime factors of c?
5, 89
Suppose -5*j + 9*h = 10*h - 405, 2*j - 185 = -5*h. Let l be 0/(-1*2/(-2)). Suppose 2*z - j - 54 = l. List the prime factors of z.
67
Let u(m) = -2*m**3 + 2*m**2 + 3*m + 8. Let n be u(-2). Suppose -n*t + 12*t + 1204 = 0. List the prime factors of t.
2, 43
Let z(j) = j + 13. Let r be z(-10). Suppose -s - 5*l + 8 = -13, 4*l = -16. Suppose -2*m - 71 = -5*m - 4*a, m = r*a + s. List the prime factors of m.
29
Let m be 6/(-4) - (-30)/20. Suppose 0*l - 13*l + 52 = m. Suppose -q - q - 522 = -4*g, -519 = -l*g - q. What are the prime factors of g?
2, 5, 13
Let g be (-42)/(-9) - (-2)/6. Suppose -32 - 8 = -g*r. List the prime factors of r.
2
Let c = -24049 - -74431. What are the prime factors of c?
2, 3, 311
Let a(s) = -s**2 + 4*s + 3. Let m be a(5). Let q be 7 + (0 - (3 - m)). Suppose 0 = -q*c + 5*d + 617, 0 = c + 4*d - 362 + 60. What are the prime factors of c?
2, 3, 17
Suppose 0 = 16*z + 3234 + 286. Let h = 366 - z. List the prime factors of h.
2, 293
Suppose -7*s - 7*s = 0. Suppose s = -44*g + 43*g + 174. Suppose 0 = -5*u + 566 + g. What are the prime factors of u?
2, 37
Let b(g) = 2*g**2 - 3*g + 73. List the prime factors of b(5).
2, 3
Let v = 3038 + 6293. What are the prime factors of v?
7, 31, 43
Suppose -7*t + 60 = 3*t. Let m be (3/(-2))/(t/12). Let b = m - -162. What are the prime factors of b?
3, 53
Let f = -16707 - -42812. List the prime factors of f.
5, 23, 227
Let x be 97/2*-6 + -2. Let d = -27 - x. What are the prime factors of d?
2, 7, 19
Let n(z) = -47*z**3 + 16*z**2 + 110*z - 5. What are the prime factors of n(-8)?
24203
Let z = -8211 - -14359. List the prime factors of z.
2, 29, 53
Let o(g) = -g**2 + 21*g - 27. Suppose 4*n + 7 = -5. Let j be (-26 + 2)/n + 3. List the prime factors of o(j).
83
Let v(z) = 4*z**2 - 8*z + 174. What are the prime factors of v